73?
72
Suppose 2499*i - 2484*i - 555 = 0. Calculate the remainder when 406 is divided by i.
36
Let t(l) = 29*l**2 + 1674*l + 6. Calculate the remainder when t(-58) is divided by 119.
113
Let j(r) = -6*r**3 + 7*r**2 - 14*r + 10. Let a be j(5). Calculate the remainder when (127/a)/(0 + 1/(-565)) is divided by 15.
8
Let f(u) = 2*u**3 + 7 - 3 - 29*u + 114*u**2 - 31*u - u**3 - 109*u**2. Calculate the remainder when f(-8) is divided by 76.
64
Let b(i) = 2*i**2 + 15*i - 2. Let k(f) = 3*f**2 + 22*f - 3. Let x(g) = 7*b(g) - 5*k(g). What is the remainder when 82 is divided by x(-3)?
5
What is the remainder when 4 - (12432/(-10) - 63/(-315)) is divided by 43?
0
Let i = -16 - -20. Suppose i*a - 53 + 17 = 0. Let k(j) = 2*j**2 + j - 3. What is the remainder when k(5) is divided by a?
7
Let a(p) = p**3 + 38*p**2 - 519*p - 10. What is the remainder when 1225 is divided by a(11)?
175
Let l(z) = z**2 + 32*z - 1444. Let k(o) = 2*o**2 + 7*o - 17. What is the remainder when l(-64) is divided by k(-7)?
28
Suppose -2*k + 2*h = 0, 0 = k - 0*k - 4*h + 12. Let n be -2*2/k*-4. Suppose 0 = n*z - 5*z + 60. What is the remainder when z is divided by 21?
18
Suppose -10348 + 3040 = -42*k. What is the remainder when 10090 is divided by k?
172
Calculate the remainder when ((-27)/81)/((-3)/99) is divided by 11.
0
Suppose -19*m = -4*m - 3*m - 2304. What is the remainder when 416 is divided by m?
32
Suppose 2*w - 5*w = -3*k + 462, -5*k + 3*w + 766 = 0. Let l(n) = -n**2 + 3*n + 51. Suppose -19*i = -14*i. Calculate the remainder when k is divided by l(i).
50
Suppose x = -5*k + 411, -2*k + 70 = -3*x - 91. Suppose -6*g + k + 20 = 0. What is the remainder when (-84)/(-1) + 2*-1 is divided by g?
14
Suppose -2*t = f - 31, -5*t + 367 - 465 = -2*f. What is the remainder when 1301 is divided by f?
14
Suppose 0 = 4*t - 10*h + 7*h - 506, -4*t + 514 = h. Calculate the remainder when t is divided by 59.
10
Suppose -26*g = -82*g + 11984. What is the remainder when g is divided by 26?
6
Suppose 0*g + z - 10619 = -4*g, -3*g + 7968 = 2*z. What is the remainder when g is divided by 166?
164
Let x = -125 - -92. Let d = 65 + x. Calculate the remainder when 75 is divided by d.
11
Let k be 210/(-18)*(-24)/28. Let f(n) = 10 - 5 + 2*n + n. What is the remainder when f(k) is divided by 19?
16
Let o(v) = -6*v**3 - v**2 + 8*v + 2. Calculate the remainder when o(-4) is divided by 44.
30
Let q(s) = -s + 52. Suppose -5*u = 3*x - 59 - 23, -5*x - 2*u + 105 = 0. Calculate the remainder when q(20) is divided by x.
13
Let i(v) = -478*v + 25. Suppose -4*p - c - 1 = 0, c + 2 = -73*p + 68*p. Calculate the remainder when i(p) is divided by 21.
20
Let y = -535 - -537. Suppose u - y*f = 10, -3*f - 11 - 13 = -3*u. What is the remainder when 27 is divided by u?
3
Let t(g) = 6*g**2 + 4*g + 4. Let v be t(-6). Let a = v - 290. Calculate the remainder when (-2)/(-6) + (-2)/12*a is divided by 9.
7
Let g(d) = d**3 - 17*d**2 + 29*d + 23. Let i be g(15). Suppose 4*t = i*t - 732. What is the remainder when t is divided by 17?
13
Suppose 3*n - n = 2. Let w(q) = q**2 + 20*q - 22. Let r(o) = o**2 - 1. Let l(d) = n*w(d) - 3*r(d). Calculate the remainder when l(7) is divided by 7.
2
Let g = 1773 + -1760. What is the remainder when 1493 is divided by g?
11
Let j(w) = -6*w**3 + 3*w**2 - 17*w - 392. What is the remainder when j(-6) is divided by 327?
133
Suppose 107*h - 28417 = 49586. Calculate the remainder when h is divided by 61.
58
Let w be 12/8 - -4 - 9/6. Let t(h) = -h**2 + 6*h - 6. Let u be t(w). Calculate the remainder when 44 is divided by (-4)/u*(36/(-8) + -2).
5
Suppose -16*j = -15*j - 6. Suppose -j*i + 25 = -5*y - 5*i, 3*y - 4*i = -15. What is the remainder when 417*1/(-15)*y is divided by 28?
27
Let z(s) = 4*s**3 + 22*s**2 + 17*s - 24. Suppose 8 - 31 = -u. What is the remainder when u is divided by z(-4)?
3
Suppose -5*p + 39 = 2*l, 5*l - 24 = -3*p + p. Let z(d) = -d**2 + 23 - 15*d + 22*d - 18*d. What is the remainder when z(-11) is divided by p?
2
Suppose 0 = -4*b + 2*p + 148, -6*p + 92 = 2*b - 38. What is the remainder when b is divided by -1*6*11/(-2)?
8
Let a = -4 - -11. Let z(m) = -47*m + 5. Let h(j) = 70*j - 7. Let l(c) = a*z(c) + 5*h(c). Calculate the remainder when 104 is divided by l(1).
20
Let c be (6/(-4))/(33/44). Suppose -190 = -18*z + 8*z. Calculate the remainder when z is divided by (-6 - c/(-1))*(-15)/20.
1
Let a = -1111 - -1118. Let o = -17 - -40. What is the remainder when o is divided by a?
2
Suppose 0 = n - 5*b - 81, -n + 5*b = 4*n - 345. Let z be (-94)/4*(-6)/(-3). Let p = z + n. Calculate the remainder when 36 is divided by p.
17
Suppose i = 3 - 5, 264 = 8*w + 4*i. Calculate the remainder when w is divided by 14.
6
Let g(r) = -3*r - 3. Let j be g(-4). Suppose j*c = 7*c - 24. Calculate the remainder when 68 is divided by (-184)/c*6/4.
22
What is the remainder when (-1116)/3*(114 - 115) is divided by 183?
6
What is the remainder when -8 + -3 + 10 - (-213 - (-1 - -5)) is divided by 11?
7
Suppose -11 = z - 21. Suppose i - z - 7 = -4*j, 5*j - 18 = 2*i. Suppose 25 = 9*k - j*k. Calculate the remainder when 17 is divided by k.
2
Let y(v) = -5*v**2 + 3*v + 231. Let g be y(0). Let p = -218 + g. Calculate the remainder when 36 is divided by p.
10
Calculate the remainder when (3*-1166 - 9)/(-1 + 1/(-2)) is divided by 156.
154
Suppose 101*v = 64*v + 5439. What is the remainder when v is divided by 5?
2
Suppose 0 = -u + v + 2*v + 45, 2*v = 8. Calculate the remainder when 314 is divided by u.
29
Suppose -224900 = -271*f - 75579. What is the remainder when f is divided by 70?
61
Let q(v) = -v + 9. Let d be q(-19). Suppose -y + 143 = d. Suppose -m + 5*a = -6*m + y, 3*a + 92 = 4*m. Calculate the remainder when m is divided by 8.
7
Suppose 7*j - 14*j - 2280 = -17*j. Calculate the remainder when j is divided by 51.
24
Let l be (-50)/15*(51/6 + -1). What is the remainder when 5*(0 - 14/(-5)) is divided by ((-5)/l)/((-1)/(-4))*10?
6
Let b(k) = -k**3 + 13*k**2 - 21*k + 21. Let r(a) = a**3 - 17*a**2 + 32*a - 19. Let p be r(15). Calculate the remainder when 157 is divided by b(p).
29
Suppose -7*h + 3*z + 10330 = 0, -z = -3*h + 2405 + 2023. Calculate the remainder when h is divided by 20.
17
Let j = 73 - 50. Let w = -98 + j. Let h = -26 - w. What is the remainder when h is divided by 19?
11
Let c = -6 + 25. Let o(b) = b**2 - 46*b + 27. Let x be o(47). Suppose 0 = x*y - 58*y - 112. Calculate the remainder when c is divided by y.
5
Let p(g) = -19*g - 5. Let j be p(-1). Let r(d) = -d + 8. Let t be r(j). Let z(l) = l**3 + 6*l**2 + l + 20. Calculate the remainder when 40 is divided by z(t).
12
Let j = 207 + -118. Let l = -77 + j. Let u = 181 - 115. Calculate the remainder when u is divided by l.
6
Suppose 4*j + 59846 = 60190. Calculate the remainder when j is divided by 25.
11
Suppose -o = 431 - 460. Suppose o*h - 6 = 26*h, 5*x + h = 92. Calculate the remainder when -8*1*8*-1 is divided by x.
10
Let p(t) be the second derivative of t**4/12 - 25*t**3/6 - 39*t**2/2 - 31*t. Calculate the remainder when p(29) is divided by 22.
11
Suppose -3655 + 130 = -25*p. Calculate the remainder when p is divided by 51.
39
Suppose 424 = 2*l - 3*v + 8*v, -418 = -2*l - 4*v. Suppose -74 = -2*b - 2*y, 0 = 4*y - 8*y + 16. What is the remainder when l is divided by b?
32
Let h be 125 + -3*28/12. Suppose h = -2*w + 3*w. What is the remainder when w is divided by 20?
18
Let y(b) = 4*b**2 - 15*b + 19. Let q be y(2). Suppose -2*l - 2*l + 533 = -g, -q*g - 5 = 0. Calculate the remainder when l is divided by 17.
14
Let u = 388 - 386. What is the remainder when 234 is divided by 3861/65 - -2*u/(-10)?
57
Suppose 4*g = q - 38, 744*q + 5*g + 46 = 745*q. Calculate the remainder when (-345)/(-7) - (-2)/(-7) is divided by q.
1
Let d = 3379 + -2409. What is the remainder when 2917 is divided by d?
7
Let f(n) = n**2 - 229*n + 1824. Calculate the remainder when 120 is divided by f(8).
8
Let n be ((-13)/13)/(1/(-16)). Let l = -13 + n. Suppose -2*r + 7 = -17. Calculate the remainder when r is divided by l.
0
Suppose 18*v - 24 - 50 = 52. Suppose d - 152 = -3*d. What is the remainder when d is divided by v?
3
Suppose 54*q - 5978 = -44*q. What is the remainder when 415 is divided by q?
49
Calculate the remainder when 243 is divided by (-6)/27 + 4143/54 + 42/(-28).
18
Suppose -